2 and 3200944?
296
What is the greatest common factor of 158846422 and 399?
133
What is the greatest common divisor of 45 and 315751080?
15
Calculate the greatest common divisor of 60483560 and 870.
290
What is the highest common divisor of 1080664 and 2067?
13
Calculate the highest common factor of 493 and 21395707.
493
What is the greatest common divisor of 270 and 7533800?
10
Calculate the highest common factor of 352 and 54581032.
88
Calculate the highest common divisor of 215824 and 48818.
14
Calculate the highest common factor of 17 and 2334151.
17
Calculate the highest common divisor of 744654231 and 939.
939
Calculate the greatest common divisor of 474735 and 8115.
15
What is the highest common factor of 303555 and 3871?
49
Calculate the greatest common divisor of 391 and 119848147.
391
What is the highest common divisor of 40370 and 9542?
734
What is the highest common divisor of 63 and 8338785?
21
Calculate the greatest common factor of 144 and 3791344.
16
What is the highest common factor of 742754 and 9038066?
7354
What is the greatest common factor of 1386 and 306482638?
154
Calculate the greatest common divisor of 1271341253 and 182.
91
Calculate the highest common divisor of 33789412 and 82.
82
What is the greatest common factor of 11045490 and 7665?
15
Calculate the highest common factor of 11072439 and 147.
21
Calculate the greatest common divisor of 1 and 13809031.
1
What is the highest common factor of 106 and 419626?
2
What is the highest common factor of 26464 and 20288?
32
What is the greatest common divisor of 49760 and 72880?
80
Calculate the greatest common factor of 18410695 and 230.
115
What is the greatest common factor of 520911 and 4248?
531
Calculate the highest common factor of 5 and 90602945.
5
What is the highest common factor of 675 and 4620825?
225
Calculate the highest common factor of 1892 and 2219624.
44
What is the highest common divisor of 70477594 and 22?
22
Calculate the greatest common factor of 218326 and 2414734.
346
Calculate the highest common factor of 297844992 and 768.
768
What is the greatest common factor of 16640 and 650880?
640
Calculate the highest common factor of 757003 and 819.
13
Calculate the greatest common divisor of 187950 and 11648.
14
What is the greatest common divisor of 25818000 and 3310?
3310
What is the greatest common factor of 5152583 and 9757?
887
Calculate the greatest common divisor of 904120 and 770.
70
Calculate the greatest common divisor of 1016 and 11029188.
508
What is the highest common divisor of 116 and 4527799?
29
What is the highest common factor of 87304 and 991872?
56
Calculate the greatest common factor of 22770797 and 7.
7
What is the highest common factor of 56 and 15916976?
8
What is the highest common factor of 1215242 and 549278?
2846
What is the highest common factor of 150 and 65334450?
150
What is the greatest common divisor of 93403 and 48077?
131
What is the greatest common divisor of 81978754 and 1221?
407
What is the highest common factor of 630462357 and 1071?
1071
Calculate the highest common factor of 221573268 and 504.
252
What is the highest common factor of 9444 and 6396?
12
Calculate the highest common factor of 281764 and 235613.
2429
Calculate the greatest common factor of 17670 and 6340110.
570
Calculate the greatest common factor of 701114 and 2346.
34
Calculate the greatest common divisor of 102174 and 78.
6
Calculate the greatest common divisor of 1125 and 63025.
25
What is the highest common divisor of 38670432 and 192?
96
What is the greatest common factor of 3328 and 110086496?
416
What is the greatest common divisor of 14125 and 7386358?
113
Calculate the greatest common divisor of 798 and 288150618.
798
Calculate the highest common factor of 21 and 24616361.
7
Calculate the highest common factor of 80696 and 14625688.
616
What is the greatest common divisor of 4726 and 206380?
34
What is the highest common divisor of 928 and 231332?
4
Calculate the highest common divisor of 7040920 and 24.
8
What is the greatest common factor of 19332075 and 40250?
4025
Calculate the greatest common factor of 124411 and 9065.
49
What is the highest common factor of 2706 and 1848143?
11
What is the greatest common factor of 19347 and 1857?
3
What is the greatest common factor of 507273 and 1469?
13
What is the highest common divisor of 2701412 and 1043?
7
What is the highest common divisor of 566 and 171458663?
283
What is the greatest common factor of 619 and 26886884?
619
Calculate the highest common factor of 16320419 and 164.
41
Calculate the greatest common divisor of 5887932 and 1608.
12
What is the greatest common factor of 264999 and 357?
21
What is the greatest common divisor of 248290 and 12590?
10
Calculate the greatest common factor of 2668 and 102580.
92
What is the highest common factor of 7938 and 282177?
189
What is the highest common factor of 211299 and 516021?
627
What is the greatest common divisor of 650 and 111050?
50
Calculate the greatest common factor of 30750320 and 150080.
5360
Calculate the highest common divisor of 19024 and 2658256.
464
Calculate the highest common divisor of 26274 and 75639222.
906
What is the highest common divisor of 595035 and 2205?
315
Calculate the highest common factor of 282 and 51552044.
94
Calculate the greatest common divisor of 14474203 and 22212.
617
What is the highest common divisor of 40173201 and 1881?
171
What is the highest common factor of 22387038 and 156?
6
Calculate the greatest common divisor of 5 and 27594665.
5
What is the greatest common divisor of 26 and 45343220?
26
Calculate the greatest common divisor of 255972692 and 4456.
2228
Calculate the highest common factor of 32453 and 118289276.
1909
What is the greatest common factor of 10387520 and 7150?
1430
Calculate the greatest common divisor of 183295 and 5075.
35
What is the highest common divisor of 11165180 and 260?
260
Calculate the greatest common divisor of 5628 and 64965516.
84
What is the highest common factor of 35638272 and 4104?
216
Calculate the highest common factor of 67074265 and 255.
85
What is the highest common factor of 14212 and 82048460?
1292
Calculate the highest common divisor of 21 and 9297883.
7
Calculate the greatest common factor of 249181664 and 128.
32
What is the highest common factor of 26731736 and 1160?
232
What is the highest common divisor of 235614198 and 930?
186
Calculate the highest common factor of 8768 and 7284016.
2192
What is the highest common divisor of 5517 and 364448729?
613
What is the greatest common factor of 19670507 and 292?
73
Calculate the greatest common divisor of 705146 and 148.
74
Calculate the highest common divisor of 231248297 and 7.
7
What is the greatest common divisor of 224788131 and 1035?
207
What is the highest common divisor of 1300 and 44360825?
25
What is the highest common factor of 4317038 and 1133?
11
Calculate the highest common divisor of 1782560 and 8268.
52
What is the greatest common factor of 903 and 18809748?
129
Calculate the highest common divisor of 370495464 and 1264.
632
Calculate the greatest common divisor of 41019 and 135826.
113
What is the greatest common divisor of 738403162 and 1624?
406
Calculate the greatest common factor of 7893 and 152760245.
877
What is the greatest common divisor of 2028 and 456571752?
2028
Calculate the greatest common divisor of 3191 and 1403.
1
What is the highest common factor of 1755 and 1923723?
27
Calculate the greatest common divisor of 455 and 14148785.
35
What is the highest common divisor of 90803020 and 15400?
1540
What is the greatest common factor of 127584 and 1086?
6
What is the greatest common factor of 1900232 and 37714?
346
What is the highest common factor of 125582996 and 5505?
367
Calculate the highest common divisor of 1255639 and 13146987.
4963
What is the greatest common divisor of 3211 and 24094603?
247
What is the highest common divisor of 1880560 and 240?
80
What is the highest common divisor of 5760657 and 49959?
3843
What is the greatest common divisor of 16811465 and 165?
55
What is the greatest common factor of 13552 and 2031993656?
6776
What is the highest common divisor of 600143 and 9831?
113
Calculate the greatest common divisor of 51552 and 291480.
24
What is the 